{"id":428,"date":"2025-06-20T14:12:43","date_gmt":"2025-06-20T12:12:43","guid":{"rendered":"https:\/\/www.alinechague.fr\/?page_id=428"},"modified":"2025-07-02T14:38:58","modified_gmt":"2025-07-02T12:38:58","slug":"mentions-legales","status":"publish","type":"page","link":"https:\/\/www.alinechague.fr\/index.php\/mentions-legales\/","title":{"rendered":"Mentions l\u00e9gales"},"content":{"rendered":"\t\t<div data-elementor-type=\"wp-page\" data-elementor-id=\"428\" class=\"elementor elementor-428\">\n\t\t\t\t<div class=\"elementor-element elementor-element-a8dc50d e-flex e-con-boxed e-con e-parent\" data-id=\"a8dc50d\" data-element_type=\"container\" data-e-type=\"container\">\n\t\t\t\t\t<div class=\"e-con-inner\">\n\t\t\t\t<div class=\"elementor-element elementor-element-071a3f5 elementor-widget elementor-widget-text-editor\" data-id=\"071a3f5\" data-element_type=\"widget\" data-e-type=\"widget\" data-widget_type=\"text-editor.default\">\n\t\t\t\t<div class=\"elementor-widget-container\">\n\t\t\t\t\t\t\t\t\t<p class=\"Normal tm6 tm7\"><span class=\"tm9\">Mentions L\u00e9gales\u00a0\u00a0<\/span><\/p><p class=\"Normal tm6 tm10\"><span class=\"tm9\">Conform\u00e9ment aux dispositions des articles 6-III et 19 de la Loi n\u00b0 2004-575 du 21 juin 2004 pour la confiance dans l&#8217;\u00e9conomie num\u00e9rique, dite L.C.E.N., il est port\u00e9 \u00e0 la connaissance des utilisateurs et visiteurs du site <\/span><a href=\"https:\/\/www.alinechague.fr\/\"><span class=\"tm9\">www.alinechague.fr <\/span><\/a><span class=\"tm9\">les pr\u00e9sentes mentions l\u00e9gales.\u00a0\u00a0<\/span><\/p><p class=\"Normal tm6\"><span class=\"tm9\">Informations l\u00e9gales :\u00a0\u00a0\u00a0<\/span><\/p><p class=\"Normal tm6\"><span class=\"tm9\">\u00c9diteur du Site : OVH\u00a0\u00a0<\/span><\/p><p class=\"Normal tm6\"><span class=\"tm9\">D\u00e9nomination sociale : Aline Chagu\u00e9\u00a0\u00a0<\/span><\/p><p class=\"Normal tm6\"><span class=\"tm9\">Forme juridique : EI\u00a0\u00a0<\/span><\/p><p class=\"Normal tm6\"><span class=\"tm9\">Adresse du si\u00e8ge social : 10 RUE PABLO PICASSO 25000 BESANCON\u00a0\u00a0<\/span><\/p><p class=\"Normal tm6\"><span class=\"tm9\">Num\u00e9ro SIRET : 94191656100017\u00a0\u00a0<\/span><\/p><p class=\"Normal tm6\"><span class=\"tm9\">Directeur de la publication : Aline Chagu\u00e9\u00a0\u00a0<\/span><\/p><p class=\"Normal tm6\"><span class=\"tm9\">Adresse \u00e9lectronique de contact : <\/span><span class=\"tm11\">aline.chague25@gmail.com<\/span><span class=\"tm9\">\u00a0\u00a0<\/span><\/p><p class=\"Normal tm6\"><span class=\"tm9\">Num\u00e9ro de t\u00e9l\u00e9phone de contact : 06.52.56.58.22\u00a0\u00a0<\/span><\/p><p class=\"Normal tm6\"><span class=\"tm9\">H\u00e9bergeur du Site :\u00a0\u00a0<\/span><\/p><p class=\"Normal tm6\"><span class=\"tm9\">Nom de l&#8217;h\u00e9bergeur : OVH Cloud\u00a0\u00a0<\/span><\/p><p class=\"Normal tm6\"><span class=\"tm9\">Adresse de l&#8217;h\u00e9bergeur : 2 rue kellermann BP 80157 59053 ROUBAIX CEDEX 1 \u2013 France Propri\u00e9t\u00e9 intellectuelle :\u00a0\u00a0<\/span><\/p><p class=\"Normal tm6\"><span class=\"tm9\">L&#8217;ensemble du contenu du pr\u00e9sent sit<\/span><a href=\"https:\/\/www.alinechague.fr\/\"><span class=\"tm9\">e www.alinechague.fr <\/span><\/a><span class=\"tm9\">incluant de mani\u00e8re non limitative les textes, images, graphismes, logos, vid\u00e9os, et tout autre \u00e9l\u00e9ment, est la propri\u00e9t\u00e9 exclusive de Aline Chagu\u00e9 et est prot\u00e9g\u00e9 par les lois fran\u00e7aises et internationales relatives \u00e0 la propri\u00e9t\u00e9 intellectuelle. Toute reproduction, repr\u00e9sentation, modification, publication, adaptation de tout ou partie des \u00e9l\u00e9ments du site, quel que soit le moyen ou le proc\u00e9d\u00e9 utilis\u00e9, est interdite, sauf autorisation \u00e9crite pr\u00e9alable de Aline Chagu\u00e9.\u00a0\u00a0<\/span><\/p><p class=\"Normal tm6\"><span class=\"tm9\">Protection des donn\u00e9es personnelles et Cookies :\u00a0\u00a0<\/span><\/p><p class=\"Normal tm6\"><span class=\"tm9\">Conform\u00e9ment \u00e0 la loi n\u00b078-17 du 6 janvier 1978 modifi\u00e9e relative \u00e0 l&#8217;informatique, aux fichiers et aux libert\u00e9s, et au R\u00e8glement G\u00e9n\u00e9ral sur la Protection des Donn\u00e9es (RGPD) n\u00b02016\/679 du 27 avril 2016, l&#8217;utilisateur est inform\u00e9 que les donn\u00e9es personnelles collect\u00e9es sur le site <\/span><a href=\"https:\/\/www.alinechaguefr\/\"><span class=\"tm9\">www.alinechaguefr <\/span><\/a><span class=\"tm9\">font l&#8217;objet d&#8217;un traitement dont Aline Chagu\u00e9 est la responsable.\u00a0\u00a0<\/span><\/p><p class=\"Normal tm6\"><span class=\"tm9\">Le responsable du traitement des donn\u00e9es :\u00a0\u00a0<\/span><\/p><p class=\"Normal tm6 tm10\"><span class=\"tm9\">Le responsable du traitement des donn\u00e9es personnelles collect\u00e9es sur le site <\/span><a href=\"https:\/\/www.alinechague.fr\/\"><span class=\"tm9\">www.alinechague.fr <\/span><\/a><span class=\"tm9\">est la soci\u00e9t\u00e9 Aline Chagu\u00e9, dont le si\u00e8ge social est situ\u00e9 au 10 rue Pablo Picasso 25000 Besan\u00e7on (contact <\/span><span class=\"tm11\">:aline.chague25@gmail.com<\/span><span class=\"tm9\"> \/ 06.52.56.58.22).\u00a0\u00a0<\/span><\/p><p class=\"Normal tm6\"><span class=\"tm9\">Les finalit\u00e9s du traitement :\u00a0\u00a0<\/span><\/p><p class=\"Normal tm6\"><span class=\"tm9\">Le site <\/span><a href=\"https:\/\/www.alinechague.fr\/\"><span class=\"tm9\">www.alinechague.fr <\/span><\/a><span class=\"tm9\">peut utiliser des cookies. Les donn\u00e9es collect\u00e9es seront utilis\u00e9es, entre autres, pour r\u00e9pondre \u00e0 vos demandes d&#8217;information et assurer le suivi de nos \u00e9changes envoy\u00e9s via le formulaire de contact, pour analyser les performances de site et pour analyser les profils, la navigation et les pr\u00e9f\u00e9rences des utilisateurs du site <\/span><a href=\"https:\/\/www.alinechague.fr\/\"><span class=\"tm9\">www.alinechague.fr\u00a0<\/span><\/a><span class=\"tm9\">\u00a0<\/span><\/p><p class=\"Normal tm6\"><span class=\"tm9\">Les destinataires des donn\u00e9es :\u00a0\u00a0<\/span><\/p><p class=\"Normal tm6\"><span class=\"tm9\">Le destinataire de ces donn\u00e9es est Aline Chagu\u00e9, charg\u00e9e du traitement des demandes. Certaines donn\u00e9es peuvent \u00eatre partag\u00e9es avec des prestataires tiers, comme le webmaster ou l\u2019h\u00e9bergeur du site pour des questions de maintenance ou de suivi du site.\u00a0\u00a0\u00a0<\/span><\/p><p class=\"Normal tm6\"><span class=\"tm9\">Les droits des personnes concern\u00e9es :\u00a0\u00a0<\/span><\/p><p class=\"Normal tm6\"><span class=\"tm9\">Conform\u00e9ment \u00e0 la l\u00e9gislation en vigueur, vous disposez d&#8217;un droit d&#8217;acc\u00e8s, de rectification, d&#8217;effacement, de limitation, d&#8217;opposition et de portabilit\u00e9 de vos donn\u00e9es. Pour exercer ces droits, veuillez me contacter par courriel \u00e0 alinechague.fr ou par courrier \u00e0 mon adresse postale. Vous avez \u00e9galement le droit d&#8217;introduire une r\u00e9clamation aupr\u00e8s de la Commission Nationale de l&#8217;Informatique et des Libert\u00e9s (CNIL), 3 Place de Fontenoy &#8211; TSA 80715 &#8211; 75334 PARIS CEDEX 07.\u00a0\u00a0<\/span><\/p><p class=\"Normal tm6\"><span class=\"tm9\">Droit applicable et attribution de juridiction :\u00a0\u00a0<\/span><\/p><p class=\"Normal tm6\"><span class=\"tm9\">Le pr\u00e9sent sit<\/span><a href=\"https:\/\/www.alinechague.fr\/\"><span class=\"tm9\">e www.alinechague.fr <\/span><\/a><span class=\"tm9\">est r\u00e9gi par le droit fran\u00e7ais. Tout litige en relation avec l&#8217;utilisation de ce site sera soumis \u00e0 la comp\u00e9tence exclusive des tribunaux comp\u00e9tents de Besan\u00e7on (FRANCE).\u00a0\u00a0<\/span><\/p><p class=\"Normal tm6 tm10\"><span class=\"tm9\">\u00a0\u00a0<\/span><\/p><p class=\"Normal\">\u00a0<\/p>\t\t\t\t\t\t\t\t<\/div>\n\t\t\t\t<\/div>\n\t\t\t\t\t<\/div>\n\t\t\t\t<\/div>\n\t\t\t\t<\/div>\n\t\t","protected":false},"excerpt":{"rendered":"<p>Mentions L\u00e9gales\u00a0\u00a0 Conform\u00e9ment aux dispositions des articles 6-III et 19 de la Loi n\u00b0 2004-575 du 21 juin 2004 pour la confiance dans l&#8217;\u00e9conomie&#8230;<\/p>\n","protected":false},"author":1,"featured_media":0,"parent":0,"menu_order":0,"comment_status":"closed","ping_status":"closed","template":"","meta":{"footnotes":""},"class_list":["post-428","page","type-page","status-publish","hentry"],"yoast_head":"<!-- This site is optimized with the Yoast SEO plugin v27.2 - https:\/\/yoast.com\/product\/yoast-seo-wordpress\/ -->\n<title>Mentions l\u00e9gales - Aline Chagu\u00e9<\/title>\n<meta name=\"description\" content=\"D\u00e9couvrez les mentions l\u00e9gales et r\u00e9glementaires de l&#039;activit\u00e9 de psychopraticienne de Aline Chagu\u00e9.\" \/>\n<meta name=\"robots\" content=\"index, follow, max-snippet:-1, max-image-preview:large, max-video-preview:-1\" \/>\n<link rel=\"canonical\" href=\"https:\/\/www.alinechague.fr\/index.php\/mentions-legales\/\" \/>\n<meta property=\"og:locale\" content=\"en_US\" \/>\n<meta property=\"og:type\" content=\"article\" \/>\n<meta property=\"og:title\" content=\"Mentions l\u00e9gales - Aline Chagu\u00e9\" \/>\n<meta property=\"og:description\" content=\"D\u00e9couvrez les mentions l\u00e9gales et r\u00e9glementaires de l&#039;activit\u00e9 de psychopraticienne de Aline Chagu\u00e9.\" \/>\n<meta property=\"og:url\" content=\"https:\/\/www.alinechague.fr\/index.php\/mentions-legales\/\" \/>\n<meta property=\"og:site_name\" content=\"Aline Chagu\u00e9\" \/>\n<meta property=\"article:modified_time\" content=\"2025-07-02T12:38:58+00:00\" \/>\n<meta name=\"twitter:card\" content=\"summary_large_image\" \/>\n<meta name=\"twitter:label1\" content=\"Est. reading time\" \/>\n\t<meta name=\"twitter:data1\" content=\"3 minutes\" \/>\n<script type=\"application\/ld+json\" class=\"yoast-schema-graph\">{\"@context\":\"https:\/\/schema.org\",\"@graph\":[{\"@type\":\"WebPage\",\"@id\":\"https:\/\/www.alinechague.fr\/index.php\/mentions-legales\/\",\"url\":\"https:\/\/www.alinechague.fr\/index.php\/mentions-legales\/\",\"name\":\"Mentions l\u00e9gales - Aline Chagu\u00e9\",\"isPartOf\":{\"@id\":\"https:\/\/www.alinechague.fr\/#website\"},\"datePublished\":\"2025-06-20T12:12:43+00:00\",\"dateModified\":\"2025-07-02T12:38:58+00:00\",\"description\":\"D\u00e9couvrez les mentions l\u00e9gales et r\u00e9glementaires de l'activit\u00e9 de psychopraticienne de Aline Chagu\u00e9.\",\"breadcrumb\":{\"@id\":\"https:\/\/www.alinechague.fr\/index.php\/mentions-legales\/#breadcrumb\"},\"inLanguage\":\"en-US\",\"potentialAction\":[{\"@type\":\"ReadAction\",\"target\":[\"https:\/\/www.alinechague.fr\/index.php\/mentions-legales\/\"]}]},{\"@type\":\"BreadcrumbList\",\"@id\":\"https:\/\/www.alinechague.fr\/index.php\/mentions-legales\/#breadcrumb\",\"itemListElement\":[{\"@type\":\"ListItem\",\"position\":1,\"name\":\"Accueil\",\"item\":\"https:\/\/www.alinechague.fr\/\"},{\"@type\":\"ListItem\",\"position\":2,\"name\":\"Mentions l\u00e9gales\"}]},{\"@type\":\"WebSite\",\"@id\":\"https:\/\/www.alinechague.fr\/#website\",\"url\":\"https:\/\/www.alinechague.fr\/\",\"name\":\"Aline Chagu\u00e9 - Psychopraticienne \u00e0 Besan\u00e7on\",\"description\":\"Psychopraticienne\",\"publisher\":{\"@id\":\"https:\/\/www.alinechague.fr\/#\/schema\/person\/30b5e4312cd21710a358ee2f45152f73\"},\"potentialAction\":[{\"@type\":\"SearchAction\",\"target\":{\"@type\":\"EntryPoint\",\"urlTemplate\":\"https:\/\/www.alinechague.fr\/?s={search_term_string}\"},\"query-input\":{\"@type\":\"PropertyValueSpecification\",\"valueRequired\":true,\"valueName\":\"search_term_string\"}}],\"inLanguage\":\"en-US\"},{\"@type\":[\"Person\",\"Organization\"],\"@id\":\"https:\/\/www.alinechague.fr\/#\/schema\/person\/30b5e4312cd21710a358ee2f45152f73\",\"name\":\"admin6596\",\"image\":{\"@type\":\"ImageObject\",\"inLanguage\":\"en-US\",\"@id\":\"https:\/\/www.alinechague.fr\/wp-content\/uploads\/2025\/05\/cropped-Logo-noir.png\",\"url\":\"https:\/\/www.alinechague.fr\/wp-content\/uploads\/2025\/05\/cropped-Logo-noir.png\",\"contentUrl\":\"https:\/\/www.alinechague.fr\/wp-content\/uploads\/2025\/05\/cropped-Logo-noir.png\",\"width\":512,\"height\":512,\"caption\":\"admin6596\"},\"logo\":{\"@id\":\"https:\/\/www.alinechague.fr\/wp-content\/uploads\/2025\/05\/cropped-Logo-noir.png\"},\"sameAs\":[\"http:\/\/www.alinechague.fr\"]}]}<\/script>\n<!-- \/ Yoast SEO plugin. -->","yoast_head_json":{"title":"Mentions l\u00e9gales - Aline Chagu\u00e9","description":"D\u00e9couvrez les mentions l\u00e9gales et r\u00e9glementaires de l'activit\u00e9 de psychopraticienne de Aline Chagu\u00e9.","robots":{"index":"index","follow":"follow","max-snippet":"max-snippet:-1","max-image-preview":"max-image-preview:large","max-video-preview":"max-video-preview:-1"},"canonical":"https:\/\/www.alinechague.fr\/index.php\/mentions-legales\/","og_locale":"en_US","og_type":"article","og_title":"Mentions l\u00e9gales - Aline Chagu\u00e9","og_description":"D\u00e9couvrez les mentions l\u00e9gales et r\u00e9glementaires de l'activit\u00e9 de psychopraticienne de Aline Chagu\u00e9.","og_url":"https:\/\/www.alinechague.fr\/index.php\/mentions-legales\/","og_site_name":"Aline Chagu\u00e9","article_modified_time":"2025-07-02T12:38:58+00:00","twitter_card":"summary_large_image","twitter_misc":{"Est. reading time":"3 minutes"},"schema":{"@context":"https:\/\/schema.org","@graph":[{"@type":"WebPage","@id":"https:\/\/www.alinechague.fr\/index.php\/mentions-legales\/","url":"https:\/\/www.alinechague.fr\/index.php\/mentions-legales\/","name":"Mentions l\u00e9gales - Aline Chagu\u00e9","isPartOf":{"@id":"https:\/\/www.alinechague.fr\/#website"},"datePublished":"2025-06-20T12:12:43+00:00","dateModified":"2025-07-02T12:38:58+00:00","description":"D\u00e9couvrez les mentions l\u00e9gales et r\u00e9glementaires de l'activit\u00e9 de psychopraticienne de Aline Chagu\u00e9.","breadcrumb":{"@id":"https:\/\/www.alinechague.fr\/index.php\/mentions-legales\/#breadcrumb"},"inLanguage":"en-US","potentialAction":[{"@type":"ReadAction","target":["https:\/\/www.alinechague.fr\/index.php\/mentions-legales\/"]}]},{"@type":"BreadcrumbList","@id":"https:\/\/www.alinechague.fr\/index.php\/mentions-legales\/#breadcrumb","itemListElement":[{"@type":"ListItem","position":1,"name":"Accueil","item":"https:\/\/www.alinechague.fr\/"},{"@type":"ListItem","position":2,"name":"Mentions l\u00e9gales"}]},{"@type":"WebSite","@id":"https:\/\/www.alinechague.fr\/#website","url":"https:\/\/www.alinechague.fr\/","name":"Aline Chagu\u00e9 - Psychopraticienne \u00e0 Besan\u00e7on","description":"Psychopraticienne","publisher":{"@id":"https:\/\/www.alinechague.fr\/#\/schema\/person\/30b5e4312cd21710a358ee2f45152f73"},"potentialAction":[{"@type":"SearchAction","target":{"@type":"EntryPoint","urlTemplate":"https:\/\/www.alinechague.fr\/?s={search_term_string}"},"query-input":{"@type":"PropertyValueSpecification","valueRequired":true,"valueName":"search_term_string"}}],"inLanguage":"en-US"},{"@type":["Person","Organization"],"@id":"https:\/\/www.alinechague.fr\/#\/schema\/person\/30b5e4312cd21710a358ee2f45152f73","name":"admin6596","image":{"@type":"ImageObject","inLanguage":"en-US","@id":"https:\/\/www.alinechague.fr\/wp-content\/uploads\/2025\/05\/cropped-Logo-noir.png","url":"https:\/\/www.alinechague.fr\/wp-content\/uploads\/2025\/05\/cropped-Logo-noir.png","contentUrl":"https:\/\/www.alinechague.fr\/wp-content\/uploads\/2025\/05\/cropped-Logo-noir.png","width":512,"height":512,"caption":"admin6596"},"logo":{"@id":"https:\/\/www.alinechague.fr\/wp-content\/uploads\/2025\/05\/cropped-Logo-noir.png"},"sameAs":["http:\/\/www.alinechague.fr"]}]}},"jetpack_sharing_enabled":true,"_links":{"self":[{"href":"https:\/\/www.alinechague.fr\/index.php\/wp-json\/wp\/v2\/pages\/428","targetHints":{"allow":["GET"]}}],"collection":[{"href":"https:\/\/www.alinechague.fr\/index.php\/wp-json\/wp\/v2\/pages"}],"about":[{"href":"https:\/\/www.alinechague.fr\/index.php\/wp-json\/wp\/v2\/types\/page"}],"author":[{"embeddable":true,"href":"https:\/\/www.alinechague.fr\/index.php\/wp-json\/wp\/v2\/users\/1"}],"replies":[{"embeddable":true,"href":"https:\/\/www.alinechague.fr\/index.php\/wp-json\/wp\/v2\/comments?post=428"}],"version-history":[{"count":5,"href":"https:\/\/www.alinechague.fr\/index.php\/wp-json\/wp\/v2\/pages\/428\/revisions"}],"predecessor-version":[{"id":433,"href":"https:\/\/www.alinechague.fr\/index.php\/wp-json\/wp\/v2\/pages\/428\/revisions\/433"}],"wp:attachment":[{"href":"https:\/\/www.alinechague.fr\/index.php\/wp-json\/wp\/v2\/media?parent=428"}],"curies":[{"name":"wp","href":"https:\/\/api.w.org\/{rel}","templated":true}]}}